i(r) = 21*r - 2. What is the units digit of i(2)?
0
Let b = -79 - -15. What is the tens digit of b/(-6) - (-2)/(-3)?
1
Let v = -13 + 172. What is the tens digit of v?
5
Let i(n) = n**3 - 8*n**2 - 9*n + 2. Let f be i(9). Let o(x) = 0 - 6 + f*x + x**2 + 2 + 0. What is the units digit of o(-5)?
1
What is the units digit of 17 + (-7)/(28/16)?
3
Let u = 297 - 75. What is the units digit of u?
2
Suppose 5*o + 2*q = 3*q + 20, 4*o - q - 16 = 0. Let g = -4 + o. What is the units digit of 2/((-3)/(-9 + g))?
6
Let k be 10/30 + 28/6. Suppose -k*o = 4*j - 32, 2*o - 5 = -j + 3. What is the units digit of j?
8
Let u be (-4)/(-4)*3 - -1. Suppose -123 = -u*t + 5. What is the units digit of t?
2
Let a = -6 + 8. Suppose -a*o + 22 = -4*j, 0 = 5*o - o - j - 16. Suppose s + 5*r = r + 14, -4*s - o*r = -17. What is the units digit of s?
2
Let w = 42 - -4. Let b = -33 + w. What is the tens digit of b?
1
Let z = 31 - 3. Suppose -2*i = -2*j - 0*i + 58, 53 = 2*j - 3*i. Suppose -2*p + z = 3*s, -4*s + 3*p + j = 5*p. What is the units digit of s?
6
Let p = 45 + -25. What is the tens digit of p?
2
What is the units digit of 4/(-10) + (-536)/(-40)?
3
Suppose 3*n - 5*w + 19 = 0, 5*n + 3*w = w - 11. What is the units digit of -3 + (-36)/n - 3?
6
Suppose 0 = -3*i + 4 - 34. Let f = i - -16. What is the units digit of 1/3 - (-22)/f?
4
Suppose -p + 41 = 1. What is the tens digit of p?
4
Let f(w) = w**3 + 6*w**2 + 6*w + 6. Let i be f(-4). Suppose 3*d - 5 = -5*c + 38, 2*c - i = -2*d. What is the tens digit of c?
1
Let g(u) = -u**3 - 6*u**2 + 6*u. Let t(w) = -w - 1. Let x be t(6). Let i be g(x). Suppose -4*z = -25 - i. What is the units digit of z?
8
Let k be (-4 + 2)*-1 + -12. Let r(h) = h**3 + 7*h**2 + 5*h + 6. Let d be r(-6). What is the units digit of (d/k)/((-4)/20)?
6
Let m be -6*((-3)/(-1))/(-6). What is the units digit of m/(-9) - (-8)/6?
1
Let m = 25 - 37. Let z = 11 - m. What is the tens digit of z?
2
Suppose j + 8 = -j, 0 = 5*f + 2*j - 187. What is the units digit of f?
9
Suppose -g = -2*g + 150. What is the tens digit of g?
5
Let r(i) = i - 2. Let u be r(6). Suppose 10 = o - u. What is the units digit of o?
4
Suppose 0 - 12 = 4*a. Let g(j) = j - 2. Let i be g(8). What is the units digit of 4/i + (-16)/a?
6
Let x = 9 - 7. Let o(h) = -h - h**3 + 3*h**2 + h - 2 - 2*h**x. What is the tens digit of o(-2)?
1
Let l = -1 + 8. What is the units digit of 10/(-35) - (-128)/l?
8
Let g = -59 - -89. What is the units digit of g + 1/(1 - 2)?
9
Let g(n) = n**3 - 2*n**2 - n - 1. Let w be g(3). Suppose -a = 3*t - 0*a - 7, 5*t - w = 5*a. Suppose 5*r - 15 = t*r. What is the units digit of r?
5
Suppose -3*h = -168 + 66. What is the tens digit of h?
3
Let j = -6 - -3. Let h be (-2)/((-3)/(j/(-2))). Let o = 4 - h. What is the units digit of o?
3
Let z(v) = -v. Let h be z(4). Let i be (-30)/(-4) - 2/h. Let y = 15 - i. What is the units digit of y?
7
Let i = 10 - 5. Suppose -i*m = -6 - 4. What is the units digit of m?
2
Suppose 2 - 3 = -o. Suppose -15 = -2*g - o. What is the units digit of g?
7
What is the tens digit of 0 - (-3 - (3 + 23))?
2
Suppose 2*g + 3*y - 2*y - 11 = 0, -5*y = -g. Suppose -g*v = -v - 12, j + 13 = 3*v. Let c(f) = f**2 + 4*f + 3. What is the units digit of c(j)?
3
Let m(y) = -y**3 + 9*y**2 - 9*y - 9. What is the units digit of m(5)?
6
What is the units digit of 22/3*36/8?
3
What is the units digit of (-3 + -3)*(-8 - -5)?
8
Let o(j) = -2*j - 13. Let s be o(-12). Let h(v) = v**2 - 7*v + 9. What is the units digit of h(s)?
3
What is the units digit of ((-500)/(-5))/(1 - -1)?
0
Let d = 13 - 19. What is the tens digit of (44/6)/(d/(-9))?
1
Let j(r) = r**2 - 7*r + 6. Let a be j(6). Let d(l) = l**2 + l + 3. Let k be d(a). Suppose k = p - 7. What is the tens digit of p?
1
Let r = -21 - -30. Suppose q + 0 = r. Suppose -k + q = 1. What is the units digit of k?
8
What is the units digit of (-1)/(-2) + 1904/32?
0
Let i(x) = -x + 3. Let q be i(3). Let r be (q - -6)/(1/1). Let g = r + -2. What is the units digit of g?
4
What is the tens digit of (-12)/36 - (-176)/6?
2
Let b(p) = p**2 - p. Let g = 8 + -11. Let m = g - -5. What is the units digit of b(m)?
2
Let c = 22 + -11. Suppose -7*r + 41 = 3*p - 3*r, 2*r + c = 3*p. What is the units digit of p?
7
Let d(n) = n**3 + 3*n**2 - 2*n - 1. Let h be d(-3). Suppose 3*f - 2*o - 51 = o, -h*o + 19 = 3*f. What is the units digit of f?
3
Suppose 0 = -5*f - 34 + 224. What is the tens digit of f?
3
Suppose y = -z + 9, -5*z - 3*y + 21 = -18. Suppose -4*p = 4*x - 84, -5*x = -2*p + z*p - 104. What is the tens digit of x?
2
What is the units digit of (8/5 - 2)*-25?
0
Suppose -2*t = 3*t - 150. Let w = t - 15. What is the tens digit of w?
1
Let s(z) = -z**3 + 8*z**2 - z + 8. Let r be s(6). Suppose 4*k - c - 3*c - 108 = 0, -3*k = 4*c - r. What is the units digit of k?
6
Let u(y) = y**2 - 6*y + 5. Suppose 4*b = -b + 25. Let g be u(b). Suppose g - 11 = -z. What is the tens digit of z?
1
Suppose -5*h + 0 = -10. Suppose h*z = z - 3. What is the units digit of -10*4*z/15?
8
Suppose 0 = 8*y - 121 - 783. What is the units digit of y?
3
Let d(a) = -a**2 - 11*a - 13. Let j(y) = 2*y**2 + 22*y + 27. Let b(k) = -7*d(k) - 3*j(k). What is the tens digit of b(-11)?
1
What is the tens digit of (-36)/((-2 - 3) + 3)?
1
What is the tens digit of -1*(4 + -3) + 16?
1
What is the units digit of (-6 - 85/(-10))/((-2)/(-52))?
5
Suppose -3*p = -6*p + 18. What is the units digit of 2/(-3) + 58/p?
9
Let x(n) = -n**2 + 31*n - 44. What is the units digit of x(15)?
6
Let q(r) = -r**3 + 9*r**2 - 9*r + 2. Let h be q(8). Let f(c) = c + 18. What is the units digit of f(h)?
2
Suppose 4 + 20 = -4*a. Let q be 23/5 - a/15. Suppose -2*x + 18 = -2*u - 10, -q*x + 2*u + 73 = 0. What is the units digit of x?
5
Let v(l) = l**3 + 11*l**2 + 22*l + 18. What is the units digit of v(-8)?
4
Let n be (-3 - -2)*(-1 - -4). Let z(x) = -2*x**3 - 3*x**2 + 3*x - 3. Let u be z(n). Let f = -10 + u. What is the units digit of f?
5
Suppose 0*r = -r + 3. Suppose r*f - 3*q = 24, q + 35 = 4*f - 2*q. What is the units digit of f?
1
Let d(l) = l**3 - 2*l - 4 + 6*l**2 + 2 - 7*l**2. Let z be 15/(-6)*6/(-5). What is the tens digit of d(z)?
1
What is the tens digit of 513/15 + (-2)/10?
3
Let l be (-3)/((-6)/(-4) + -3). Suppose -22 - 14 = -l*d. What is the units digit of d?
8
Let r(j) = j**2 - 9*j - 3. What is the units digit of r(11)?
9
Suppose -370 = -3*j + l, 0 = -2*j - l - l + 236. What is the tens digit of j?
2
Let z(l) = -l**2 - 11*l + 5. Let f be z(-12). Let m = 20 - f. Suppose -4*u = -99 + m. What is the tens digit of u?
1
Let v(b) = -7*b**3 - 2*b**2 - 2*b - 1. Let c = 17 - 18. What is the units digit of v(c)?
6
Suppose -2*d = -0*d - 20. What is the units digit of d - (-1 + 2 - 1)?
0
Let d = 6 - 4. Let b be (0 + 1)/(d/10). Let m = b + 5. What is the units digit of m?
0
Suppose 231 = j - 5*u, j + u = 5*j - 943. What is the hundreds digit of j?
2
Let b(s) = s**2 + 12*s + 3. Let n be b(-6). Let w = 23 + n. What is the units digit of (0 - w) + -2 + 0?
8
Suppose 5 = 5*j + 5*r, 0 = 4*j + r - 0 - 16. Let l be (9/6)/((-3)/(-100)). Suppose i = j*f - l, -2*i = -i. What is the units digit of f?
0
Let t(q) = 9*q**3 - 4*q**2 + 3*q - 2. Let s(g) = 17*g**3 - 9*g**2 + 7*g - 5. Let z(i) = -2*s(i) + 5*t(i). What is the tens digit of z(1)?
1
Suppose -5*c + 13 - 3 = 4*k, -4*c = -4*k - 44. Suppose 0 = 3*o - 30 + c. What is the units digit of o?
8
Let v = 131 - 65. What is the units digit of v?
6
Suppose 0 = -2*s - 2*v + 127 - 35, v = 4. Let c be 1/((-9)/(-6))*s. Suppose -m + 5*m - c = 0. What is the units digit of m?
7
Suppose -38 = -4*y + 198. What is the tens digit of y?
5
Suppose -2*c = -106 - 82. What is the tens digit of c?
9
Suppose -4*t + 200 + 168 = 0. What is the units digit of t?
2
Suppose 5*k + 4*i = 1993, 0 = i + i + 6. What is the hundreds digit of k?
4
Suppose 3*f - 4*a = -44, 0 = -5*f - 5*a - 12 - 38. Let d = f + 15. What is the units digit of d?
3
Suppose 3*r - 522 = -2*m, -5*r - 2*m + 870 = -m. What is the hundreds digit of r?
1
Let v(w) = -w**3 + 4*w**2 - 4*w + 3. Let x be v(3). Suppose -9 = -3*r - x. What is the units digit of 3/9 + 23/r?
8
Let a = 14 + -6. Let g = a + -1. What is the units digit of g?
7
Let z be (21 + -21)/((-1)/1). Let w be 14/2*4/2. Let o = w + z. What is the units digit of o?
4
Let z(r) = 2 - r**2 -